-6) + 11)/(0 + q) composite?
True
Let h(r) = 10*r + 130. Let q be h(-11). Suppose 32*c - 4044 = q*c. Is c prime?
True
Let u(y) = 13*y**2 - y - 2. Let f be u(-2). Suppose -f*s - 8725 = -57*s. Is s composite?
True
Suppose -92 = -228*z + 85 + 51. Let j be (1/(-2))/((-3)/(-234)). Is 23/(36/j + z) prime?
False
Let i(v) = 40*v**2 + 5*v - 2. Let h be i(-4). Let u = -913 - -554. Let o = u + h. Is o a prime number?
False
Let b = 985 - 1015. Let x be (183/(-12))/((-2)/8). Let w = b + x. Is w composite?
False
Is -1*4 + 0 - (-8)/(88/3811973) a prime number?
False
Suppose -3*b + 4*l + 220 = 0, -96 = -b + 4*l - 20. Let p = b - -126. Let i = p - 49. Is i prime?
True
Let c = -1769079 - -4897058. Is c prime?
True
Let u = -30032 + 19694. Let m = u + 28949. Is m composite?
True
Suppose 48*u - 528 = -48. Let b(a) = 16 + 4 + 43*a + 4. Is b(u) a composite number?
True
Is 942309/15 - 24/(-840)*14 composite?
True
Let q(h) = -737*h - 965. Is q(-32) composite?
False
Let v(i) = -99 + 379 - 1543*i + 61. Is v(-6) composite?
True
Suppose -3475 - 1225 = -2*p. Suppose -2*b + 1332 + p = 0. Suppose 0 = 2*t - h - b, 0 = t - 5*h - 587 - 347. Is t composite?
False
Let q = 3679 + -6187. Let d = 7305 - q. Is d prime?
False
Let h(z) = -z. Let d(c) = -457*c - 17. Let m(i) = -d(i) - 5*h(i). Is m(5) prime?
False
Suppose -43*w = -35*w - 29*w + 960477. Is w a prime number?
True
Let t = 879921 + 129058. Is t composite?
False
Is ((9/(-12))/((-375)/200))/((-4)/(-122270)) a prime number?
True
Let f(i) = i**3 + 13*i**2 - 16*i - 24. Let b be f(-14). Let j be ((-6)/b)/(-5 + 34/8). Suppose j*d - 6*d + 212 = 0. Is d a prime number?
True
Let z be -2*51*(-3653)/26. Let b = z + -10130. Is b prime?
True
Suppose -t = 0, 0 = 5*h + 2*t + 3*t - 315. Suppose h*n = 68*n - 6640. Let v = -513 + n. Is v composite?
True
Suppose 2*q = -5*s + 16, 2 = -3*q - 4*s + 19. Let i = 710 + -344. Suppose -3*k = -q*m + i, -4*k + 5*k + 360 = 3*m. Is m a composite number?
True
Suppose l - 8*l = -s + 32467, 0 = 4*s + 2*l - 129868. Is s composite?
False
Let n(o) = 3*o**2 + 16*o + 40. Let d be n(-3). Suppose d*y - 1117 = 1372. Is y a prime number?
True
Let i be -3*8/120*0/1. Suppose 5*k - 112 - 5463 = i. Is k prime?
False
Let u(o) = -14*o + 137. Let n be u(0). Let p = -132 + n. Suppose 4*s - 3003 = 3*q, -6*s + p*q = -2*s - 2997. Is s a prime number?
False
Let o = 121 - 124. Let d = 0 + o. Let a = d + 70. Is a a composite number?
False
Suppose -2*r - 2*r = 3*v + 5, 0 = 2*r + 10. Let z be 4 + -2 + (-10)/v + -4. Let s(d) = -731*d + 33. Is s(z) a composite number?
False
Let s = 496070 - 124381. Is s prime?
False
Let c be -3*(-6 + (-84)/(-9)). Is 42218/16*2 + c/40 a composite number?
True
Suppose -6*i - 12407 = -3*c - i, i = -3*c + 12437. Let f be (-2)/(-6) - c/(-24). Let w = f - -126. Is w a prime number?
False
Suppose -185*v - 15408 = -191*v. Let j = -1474 + v. Is j prime?
False
Let d(h) = -2058*h**3 + 9*h**2 + 5*h + 1. Is d(-4) a prime number?
True
Let j = 6184 + -2751. Is j a composite number?
False
Let i be 6/(-4)*39*12/(-18). Is i*((-130)/(-15) + 1) composite?
True
Suppose 28*p = 24*p + 8. Suppose 3*r = -p*r + 6575. Let d = r + 486. Is d composite?
False
Let k(n) be the third derivative of 0*n - 1/6*n**3 - 1/120*n**6 - 9*n**2 + 0 + 1/4*n**4 + 3/20*n**5. Is k(7) a composite number?
False
Let n = 45101 + 74760. Is n composite?
True
Is (-25)/((-350)/(-8)) + (-653601)/(-7) a composite number?
False
Suppose 4*r = -3*j + 391754 + 482571, 2*r + 2*j = 437164. Is r prime?
True
Let b be ((-12)/3)/8*0 - -5. Suppose o + 3243 = -0*k - b*k, 5*o + 4*k = -16299. Is (-4)/6 - o/3 composite?
False
Let p(a) be the third derivative of 1261*a**5/60 + a**4/8 - 3*a**3/2 - a**2 - 76. Is p(-2) composite?
True
Suppose 0 = 4*t + 7*t + 396. Is (-1298553)/t + (-13)/(-156) prime?
False
Let s be ((-92324)/(-16))/((-1)/612*-3). Let v(n) = -95*n + 4. Let c be v(-3). Is s/c - (-4)/(-34) composite?
False
Suppose -214905 = -13*a - 23012. Suppose -7*t + a = 5339. Suppose 5*q - t = 3*q. Is q composite?
False
Suppose 6*p + 3*p = 0. Suppose 22 - 58 = -5*a + s, 4*a + s - 27 = p. Suppose -a*u + 5187 + 56 = 0. Is u a composite number?
True
Suppose 44*l = 21*l + 378994. Let o = l + 3845. Is o a prime number?
True
Let a be 113/(-3) + 2/(-6). Let n = -35 - a. Suppose -m - n*m + 1628 = 0. Is m a composite number?
True
Suppose 0 = -5*u + 23*u. Let x be 50/125 - (14/10 + u). Is (10/6 + x)/((-58)/(-55767)) a prime number?
True
Let t = -4731 - -1560. Let l = t + 5876. Is l prime?
False
Suppose -3*l - 30 = -90. Let s = -18 + l. Suppose 0 = s*c - 2*j - 1792, -3*c - j + 2*j + 2686 = 0. Is c composite?
True
Let l = 58037 + -38458. Suppose -48*v + l = -473141. Is v a prime number?
False
Is (-403732 - (26 + -5))*4/(-28) composite?
False
Let z(d) = -95*d**3 - 4*d**2 + 4*d + 9. Let s be z(-3). Let g(m) = -2*m**3 + 12*m**2 - 8*m - 7. Let p be g(10). Let j = p + s. Is j composite?
True
Let m = -2628126 + 4024595. Is m composite?
False
Let x(o) = 5*o**2 - 3*o + 23110. Let u be x(0). Suppose 5*f + 4905 = u. Is f a composite number?
True
Suppose 0*x - 9 = -3*x. Suppose 0 = -2*j + 10, 3*j + 1093 = x*w + 52. Suppose 2*t = w + 18. Is t a composite number?
True
Is (3/(-7) - 10853696/(-343))/((-3)/(-21)) a composite number?
True
Let q be -3 + (-105172)/(-12) + 8/12. Let f = q - 4215. Is f prime?
True
Let j(p) be the second derivative of 1/2*p**4 + 1/2*p**2 + 0 + 17/6*p**3 - 6*p - 1/20*p**5. Is j(7) a prime number?
True
Let f(d) = -334*d + 25. Let b(y) = -5*y - 3. Let a be b(-3). Let q be (-54)/a + 2/4. Is f(q) a prime number?
True
Let h be ((-1)/2)/(-1*7/182). Is 428/5 + h/(455/(-21)) prime?
False
Let y = 17 - 18. Let s(h) = -3*h**3 - 3*h**2 - 4*h - 1. Let i be s(y). Is 631*i/6*2 composite?
False
Let d = -10 - -10. Suppose 4*o + 4 = 0, d = -5*r - 3*o + 7*o + 2409. Suppose 4*b + r = 3*a, -2*a - 787 = -7*a + 3*b. Is a prime?
False
Let p(x) = -12*x + 31 - 7 + 12 - 35*x. Is p(-13) a composite number?
False
Let t(o) = 290*o**2 - 305*o - 9. Is t(32) a prime number?
True
Suppose -48679 = -4*c + 62305. Suppose -3*w + 4*a + 18 = 2*w, 4*a + 6 = -w. Is (w/6)/(3/(c + 1)) a composite number?
False
Let j(v) = 229*v + 860. Is j(21) a prime number?
True
Suppose 3*m + 6*m = 27. Suppose -4*x = m*r - 1155, -5*x + 1458 = -0*r - r. Let a = 608 - x. Is a prime?
True
Let a(p) = 0*p + 74*p**2 - 4*p**2 - 4 - 3*p. Let z be 13/(-52) - (0 + (-11)/(-4)). Is a(z) composite?
True
Let z = 592 - -2100. Suppose -11*k = -7*k - z. Is k composite?
False
Let k(n) = 95*n - 30. Suppose -8*q + 14*q - 180 = 0. Suppose -15 = -3*o + 2*f, q = -o + 4*o + 3*f. Is k(o) a composite number?
True
Let b(a) = -76*a + 25. Let c be b(17). Let g = 3880 - c. Is g prime?
True
Let a(o) = o**2 + 25*o - 26. Let k be a(-26). Suppose -5*x - 114406 = 4*f, k*f = x + 2*f + 22880. Is (2/(-4))/(x/(-7628) + -3) a composite number?
False
Let c(v) = 51*v + 28. Let x(i) = 205*i + 113. Let w(p) = -9*c(p) + 2*x(p). Let d(f) = -148*f - 79. Let s(a) = 2*d(a) - 7*w(a). Is s(11) composite?
False
Suppose 30*c = 137461 + 86189. Let k = -4146 + c. Is k prime?
False
Let x = 1 + 3. Suppose -x*a + 18853 = 5677. Suppose -3*y + d + a = 0, -4407 = -5*y + 4*d + 1090. Is y composite?
False
Suppose -3*a + 76530 = -5*n, 3*a - 32*n - 76512 = -33*n. Is a prime?
False
Let j = 14837 + 9570. Is j prime?
True
Suppose 11*a = -17*a + 12572. Let q = a + 560. Is q prime?
True
Suppose t = 6*t + 2*x, -4*x = -4*t + 28. Suppose 0 = -2*s, 3*j - j - t*s - 696 = 0. Suppose -3*d - 1367 = -2*w, w - j - 342 = -5*d. Is w prime?
False
Is (-3529410)/(-38) + 856/(-4066) composite?
True
Let q(h) = -h**2 + 1540*h**3 + 1 - 77*h + 73*h + 1264*h**3. Is q(2) composite?
True
Suppose 9*b = 11*b + 24. Is ((-2252)/b)/((-7)/(-105)) prime?
False
Suppose -91*k = -67*k - 1512. Let z be (0 - 1)*(-44 + 0). Let p = k - z. Is p prime?
True
Suppose -4403943 = -50*f - 45*f + 86*f. Is f prime?
False
Suppose -74*a = -53*a - 1076229. Let r = a - 33728. Is r a prime number?
False
Let v(j) = 686*j**3 - 21*j**2 + 7*j - 11. Is v(5) composite?
True
Let i(g) = -186*g - 742. Let a be i(-4). Suppose -3*b = 2*b - 26010. Suppose -5*s + a*s - 5214 = -3*m, 0 = 3*m + s - b. Is m a prime number?
False
Let v(u) = 24070*u + 7807. Is v(4) composite?
False
Suppose -3*g = 5*b - 24, -2*g + 0*b + b = -3. Suppose 3*y - u = 1477, 0*u + 1966 = 4*y -